digit of n(f)?
7
Suppose 0 = -2*s - 7 + 83. What is the units digit of s?
8
Let z = -270 - -853. What is the hundreds digit of z?
5
Let v(i) = -i**2 - 1. Let o(y) = -3*y - 10. Let x(u) = o(u) - 5*v(u). What is the tens digit of x(-5)?
3
Suppose 5*t + c = 662, 15 = 5*c + 5. Let f = t - 90. What is the units digit of f?
2
Let p(i) = i**2 - 14*i + 60. Let j be p(27). Let z = j + -177. What is the units digit of z?
4
Let p(g) = g**3 + 21*g**2 + 12*g + 25. Let j(u) = -u**3 + 17*u**2 - 30*u - 20. Let s be j(15). What is the hundreds digit of p(s)?
1
Suppose -k + 2*x - 147 = 0, -702 = 5*k - x + 2*x. Let j(c) = -4*c**2 + 6. Let g be j(-5). Let h = g - k. What is the units digit of h?
7
Let m(i) be the third derivative of i**4/24 - 2*i**3/3 - 6*i**2. Let k be m(3). What is the units digit of (-1)/k - (-60 + 2)?
9
What is the hundreds digit of (-94461)/(-115) - (-4)/(-10)?
8
Let s(l) be the second derivative of -l**4/2 + l**3/2 + 3*l**2/2 - 2*l. Let m be s(-2). What is the units digit of ((-1)/(-1))/((-3)/m)?
9
Let v = 2325 - -382. What is the thousands digit of v?
2
Let f = -13 - -18. Suppose -7*a + 3*x + 763 = -2*a, -4*x + 791 = f*a. What is the hundreds digit of a?
1
Let f(g) = g**2 - 9*g + 6. Let a be f(5). Let z = 16 + a. What is the units digit of (-2590)/(-50) - z/(-10)?
2
What is the thousands digit of 1198 + -5 + 11 + -13?
1
Suppose 3*n - 206 - 46 = 0. Suppose 68 = 4*j - a, -j + 5*a + n = 3*j. What is the units digit of j?
6
Suppose j = -46 + 17. Suppose -2*c + 4*q = 34, 3*c + q + 29 = -22. Let z = c - j. What is the units digit of z?
2
Suppose -4*x + 36 = 4*h, -6*x + x + 5*h + 95 = 0. Let c = x - 22. What is the units digit of (-5)/(10/4) - c?
6
Suppose -2620 = -5*m + 5*b, -8*m - 4*b = -7*m - 524. What is the units digit of m?
4
Let q = -20 + 24. Suppose q*l - 134 - 38 = 0. What is the tens digit of l?
4
Suppose -2*r + 4*m = -2, -3 = -3*r - 3*m - 0. Let s(c) = 65*c**2 - 3*c + 1. What is the units digit of s(r)?
3
What is the hundreds digit of (230/(-3))/(36/(-378))?
8
Suppose 5*g - 235 - 5 = 0. Suppose -i + g = -5*i. What is the units digit of i/6 - 11/(-1)?
9
Suppose 5*a - 188 = -38. Let t be ((-18)/(-15))/(9/a). Suppose 0 = t*i - m - 2*m - 138, 5*i - 5*m = 175. What is the tens digit of i?
3
What is the hundreds digit of (-10)/(-8) - (81070/(-40) - 10)?
0
Let m(h) = h**2 + 2*h + 102. Let t be m(0). Let z = t - 14. What is the tens digit of z?
8
Suppose 3*s = -3*x + 11271, 0*s = -s + 5*x + 3739. What is the units digit of s?
4
Let h(q) = -6*q - 4. Let k be h(4). Let d = k + 31. What is the units digit of d?
3
Let g = 197 + 124. What is the units digit of g?
1
Let s be ((-2)/(-4))/((-1)/(-10)). Suppose -2*h = -6*h - 3*l + 66, -2*h = l - 32. Let p = s + h. What is the units digit of p?
0
Suppose 4*v + 414 = 2726. What is the tens digit of v?
7
Suppose 3*m + 2*y - 78 = -0*m, 5*m - 105 = 5*y. Suppose 2*s - 4*a - 270 = 0, -18*a = -4*s - 13*a + 549. Suppose s = 3*w - m. What is the tens digit of w?
5
Let u(g) = g**3 + 11*g**2 - 11*g + 5. Let s be u(-12). Let m = s + 12. Suppose -m*t - 2*q + 15 = 0, 0 = t + 2*q - 5*q - 3. What is the units digit of t?
3
What is the tens digit of 201408/144 + ((-4)/6 - -1)?
9
Let x = 21 + -45. Let n = x - -7. Let l = n - -43. What is the units digit of l?
6
Let b = -358 + 1124. What is the hundreds digit of b?
7
Suppose -m + 7 = 5*w, -4*m + 2 + 3 = -3*w. Let j(x) = 7*x + 0*x - 8*x - 10*x + m - x**2. What is the units digit of j(-6)?
2
Suppose -2*l = -32 - 6. Suppose -84 = -x - 6*x. Let f = l - x. What is the units digit of f?
7
Let g(c) = 306*c**3 + 3*c**2 - 2*c - 1. What is the tens digit of g(1)?
0
Let f = 682 - 193. What is the units digit of f?
9
Let n(m) = -m**3 - 12*m**2 + 16. Let g be 11/(-22)*1*52. Let y = 14 + g. What is the tens digit of n(y)?
1
What is the thousands digit of ((-9584)/(-20) + 4)*(-5)/(-2)?
1
Let a be ((-15)/3 - -3)*-1. Suppose a*w + 16 - 166 = 0. What is the units digit of w?
5
Let v(o) = -33*o - 7. Suppose -3*b = 4*t + 14 + 3, 0 = t + 5*b + 17. What is the tens digit of v(t)?
5
Let j be ((1 - 0) + -1)/(-2). Suppose j*v + 5*v + 15 = 0. What is the units digit of 2 - (3/v - 16)?
9
Suppose 2*r + 6 - 28 = 0. Suppose r*k = 10*k - 18. What is the units digit of 4/k - 47/(-9)?
5
Let l(t) = -7*t + 2*t - 5 - 3*t - t. What is the units digit of l(-8)?
7
Let s = 3 - 1. Let g be (-80)/15*(18/(-8) + 0). Let j = g - s. What is the units digit of j?
0
Let r(a) = 3*a**2 - 17*a - 20. What is the hundreds digit of r(-7)?
2
Let c(t) = 11*t**2 - 12*t - 41. What is the tens digit of c(8)?
6
Let j(b) = b**2 - 2*b - 3. Let m be j(-2). Let a = 8 - m. Suppose 0*o = a*d - 3*o - 90, d = -o + 26. What is the units digit of d?
8
Let n(i) = 4*i + 5. Let b be (-58)/(-18) + (-12)/54. Suppose b*h - 12 = -h. What is the tens digit of n(h)?
1
Let q(s) = 147*s - 33. What is the hundreds digit of q(5)?
7
Let j(l) = 1 + 0 + 5*l - 11*l**2 + 5 - l**3 + 0. What is the units digit of j(-12)?
0
Suppose 3*x - 2738 = -2*a, a - 2094 = -5*x - 718. What is the units digit of a?
6
Let j(d) = 6*d + 68. What is the tens digit of j(9)?
2
Let f(b) = -2*b**2 + 2 - 7 - 3*b**3 - 3*b - 3*b**2. What is the units digit of f(-2)?
5
What is the units digit of (-9)/3 - (9 - 468)?
6
Let p(o) = -o**3 - o**2 - 16*o - 3. What is the tens digit of p(-8)?
7
Let x = -1893 + 3455. What is the hundreds digit of x?
5
Let l = 599 + -869. Let m = -189 - l. What is the units digit of m?
1
Let x = 92 - -383. What is the hundreds digit of x?
4
Let m(l) = -l**2 + 89*l + 347. What is the hundreds digit of m(78)?
2
Let v(m) be the third derivative of m**5/15 + 5*m**4/24 - 11*m**3/6 - 48*m**2. What is the hundreds digit of v(5)?
1
Let n = -122 + 172. What is the hundreds digit of -3 + (-3030)/n*(-4 - 1)?
3
Suppose 0 = -5*q - 3*z + 495, -122 - 55 = -2*q + 3*z. Suppose 4*d = 3*d - u + 46, 2*u = 2*d - q. What is the units digit of d?
7
Suppose -i + 11 = 3*c - 4*c, 4*i = -4*c + 20. Let g(h) = h**3 - 8*h**2 + 3*h + 6. What is the units digit of g(i)?
0
Suppose 521 = -3*g - u, 7 = 5*u - 13. Let a = -119 - g. What is the units digit of a?
6
Let a be 9/(-12) - 27/(-4). Suppose -b - 4 = a. Let i = 17 - b. What is the units digit of i?
7
Let a = 226 + -11. What is the units digit of a?
5
Suppose -25 = 2*o - 251. Suppose -o = -2*i - 33. What is the units digit of i?
0
Let b = -83 - -80. What is the hundreds digit of (670/(-25))/(b/15)?
1
Suppose 5*h - 25 = -5*d, 5*d + h - 7 = 6. Let x(j) = 7*j. Let i be x(d). Suppose 2*y - 108 = -5*b - i, -3*b + 45 = y. What is the tens digit of y?
5
Let a(g) = g**2 - 1. Let s(h) = -33*h**3 - 3*h**2 - 3*h - 1. Let d(o) = a(o) + s(o). What is the tens digit of d(-1)?
3
Let z(f) = 9*f**2 + 15*f + 10. What is the tens digit of z(-6)?
4
Let w = -95 + 547. What is the tens digit of w?
5
Suppose 2*j + 23*c - 18*c = 7186, 0 = c - 2. What is the tens digit of j?
8
Let a(c) = -c + 4. Let n be a(6). Let r be 1 - -16*1/n. Let x(z) = -z**2 - 9*z + 1. What is the units digit of x(r)?
5
Let i = 44 - 50. What is the units digit of i/(-24) + 199/4?
0
Suppose -62*i = -63*i + 686. What is the tens digit of i?
8
Let h(w) = w**3 - 6*w**2 - 4*w - 12. Let i be h(7). Suppose 3*u = i*u - 702. What is the units digit of u?
7
Let x(d) = -d**3 + d**2 + 2*d. Let c be x(2). Let n be (-1 - c)*(-4 - -4). Suppose -2*m + 46 = z - 6, n = -3*m - 4*z + 78. What is the units digit of m?
6
Suppose -4*f = -716 - 112. Suppose -j - 2*j + f = 0. Let v = -27 + j. What is the tens digit of v?
4
Let y = -8 - -13. Suppose -208 = y*g - 4*h, -4*h + 2*h = 4*g + 156. What is the units digit of 16/g - (-264)/10?
6
What is the hundreds digit of 1259 + (4 - (-4 - -1))?
2
Let q = 16 - 15. Suppose 2*j - q = -7, 4*p + 4*j = 0. Suppose 2*o - p*o + 1 = 0. What is the units digit of o?
1
Let h = -295 + 473. Suppose 2*b + 71 + 38 = r, 0 = -2*r - 4*b + h. What is the units digit of r?
9
Suppose 4*q - 2*y - 29 = -q, -50 = -5*q - 5*y. Let l(f) = -3*f + 1. Let k be l(q). Let r = -19 - k. What is the units digit of r?
1
Let q(w) = -w**3 + 13*w**2 - 23*w + 10. Suppose 2*r - 4*m + 2 = 0, -r + m + 19 = 3*m. What is the hundreds digit of q(r)?
1
Let u(v) = 4*v**2. Suppose 4 = -2*t + 2. Let h be u(t). Suppose -h*j + 41 = -35. What is the units digit of j?
9
Suppose -2*i + 333 = -165. What is the hundreds digit